{"id":1285,"date":"2023-09-15T20:41:07","date_gmt":"2023-09-15T20:41:07","guid":{"rendered":"https:\/\/hlsorgs3stg.wpenginepowered.com\/brazil\/?page_id=1285"},"modified":"2025-07-22T20:06:23","modified_gmt":"2025-07-22T20:06:23","slug":"previous-posts","status":"publish","type":"page","link":"https:\/\/orgs.law.harvard.edu\/brazil\/previous-posts\/","title":{"rendered":"Previous Posts"},"content":{"rendered":"\n<h2 class=\"wp-block-heading\"><strong>2022<\/strong><\/h2>\n\n\n\n<p><a href=\"https:\/\/wp.me\/p5BZbO-iw\">Confirmada Presen\u00e7a do Prof. Alan Jenkins<\/a><br><a href=\"https:\/\/wp.me\/p5BZbO-ii\">Confirmada presen\u00e7a do Prof. Cass Sunstein<\/a><br><a href=\"https:\/\/wp.me\/p5BZbO-i2\">Confirmada Presen\u00e7a da Ministra Carmen L\u00facia<\/a><br><a href=\"https:\/\/wp.me\/p5BZbO-i0\">Vem a\u00ed o Brazil Legal Symposium 2022<\/a><\/p>\n\n\n\n<h2 class=\"wp-block-heading\"><strong>2021<\/strong><\/h2>\n\n\n\n<p><a href=\"https:\/\/wp.me\/p5BZbO-gl\">Business and Legal Trends in Latin America\u00a0<\/a><\/p>\n\n\n\n<h2 class=\"wp-block-heading\"><strong>2020<\/strong><\/h2>\n\n\n\n<p><a href=\"https:\/\/wp.me\/p5BZbO-f8\">COVID-19, Freedom, and Individual Rights<\/a><br><a href=\"https:\/\/wp.me\/p5BZbO-f3\">Welcome to the new school year<\/a><br><a href=\"https:\/\/wp.me\/p5BZbO-dy\">Registration is now open! (Inscri\u00e7\u00f5es Abertas!)\u00a0<\/a><\/p>\n\n\n\n<h2 class=\"wp-block-heading\"><strong>2018<\/strong><\/h2>\n\n\n\n<p><a href=\"https:\/\/wp.me\/p5BZbO-9j\">International Trade in a Changing Landscape<\/a><br><a href=\"https:\/\/wp.me\/p5BZbO-9c\">The Enhancement of Human Rights Through Mediation &amp;amp; ADR<\/a><\/p>\n\n\n\n<h2 class=\"wp-block-heading\"><strong>2017<\/strong><\/h2>\n\n\n\n<p><a href=\"https:\/\/wp.me\/p5BZbO-6U\">The Roles of Supreme Courts in Contemporary Democracies: A Conversation with Justice Barroso and Professor Mark Tushnet\u00a0<\/a><br><a href=\"https:\/\/wp.me\/p5BZbO-6S\">Brazilian Coffee Talks: Challenges and Opportunities of The Crisis&#8217; Day-After\u00a0<\/a><br><a href=\"https:\/\/wp.me\/p5BZbO-6J\">Brazilian Coffee Talks: (Re)Thinking Brazil<\/a><br><a href=\"https:\/\/wp.me\/p5BZbO-5T\">Austerity and human rights: the impacts of the new constitutional fiscal regime in Brazil<\/a><br><a href=\"https:\/\/wp.me\/p5BZbO-5O\">Algorithms, Law and Society: Building Rights for a Digital Era<\/a><\/p>\n\n\n\n<h2 class=\"wp-block-heading\"><strong>2014<\/strong><\/h2>\n\n\n\n<p><a href=\"https:\/\/wp.me\/p5BZbO-4f\">FGV Professor Pablo Cerdeira talked about &#8220;Data usage by Big Government&#8221;<\/a><br><a href=\"https:\/\/wp.me\/p5BZbO-4b\">HLS Brazil Event on Jan 28, 2014 &#8211; Judicial Activism in Brazil: A Talk by Assistant Professor Joana de Souza Machado<\/a><br><a href=\"https:\/\/wp.me\/p5BZbO-42\">Brazilian Activist spoke about &#8220;Contemporary Challenges in Defending and Promoting Human Rights in Brazil&#8221;<\/a><br><a href=\"https:\/\/wp.me\/p5BZbO-3L\">Transitional Justice in Brazil<\/a><\/p>\n\n\n\n<h2 class=\"wp-block-heading\"><strong>2013<\/strong><\/h2>\n\n\n\n<p><a href=\"https:\/\/wp.me\/p5BZbO-3s\">Democracy and Sustainability &#8211; HLS EVENT ON 12\/11<\/a><br><a href=\"https:\/\/wp.me\/p5BZbO-3j\">Obama&#8217;s law professor on his failures as president<\/a><br><a href=\"https:\/\/wp.me\/p5BZbO-30\">O dia que durou 21 anos (The Day That Lasted 21 Years)<\/a><br><a href=\"https:\/\/wp.me\/p5BZbO-2m\">Fighting Corruption and Promoting Public: Transparency in Brazil &#8211; HLS Event on 11\/15<\/a><\/p>\n","protected":false},"excerpt":{"rendered":"<p>2022 Confirmada Presen\u00e7a do Prof. Alan JenkinsConfirmada presen\u00e7a do Prof. Cass SunsteinConfirmada Presen\u00e7a da Ministra Carmen L\u00faciaVem a\u00ed o Brazil [&hellip;]<\/p>\n","protected":false},"author":2342,"featured_media":0,"parent":0,"menu_order":0,"comment_status":"closed","ping_status":"closed","template":"","meta":{"site-sidebar-layout":"default","site-content-layout":"","ast-site-content-layout":"default","site-content-style":"default","site-sidebar-style":"default","ast-global-header-display":"","ast-banner-title-visibility":"","ast-main-header-display":"","ast-hfb-above-header-display":"","ast-hfb-below-header-display":"","ast-hfb-mobile-header-display":"","site-post-title":"","ast-breadcrumbs-content":"","ast-featured-img":"","footer-sml-layout":"","ast-disable-related-posts":"","theme-transparent-header-meta":"","adv-header-id-meta":"","stick-header-meta":"","header-above-stick-meta":"","header-main-stick-meta":"","header-below-stick-meta":"","astra-migrate-meta-layouts":"default","ast-page-background-enabled":"default","ast-page-background-meta":{"desktop":{"background-color":"var(--ast-global-color-5)","background-image":"","background-repeat":"repeat","background-position":"center center","background-size":"auto","background-attachment":"scroll","background-type":"","background-media":"","overlay-type":"","overlay-color":"","overlay-opacity":"","overlay-gradient":""},"tablet":{"background-color":"","background-image":"","background-repeat":"repeat","background-position":"center center","background-size":"auto","background-attachment":"scroll","background-type":"","background-media":"","overlay-type":"","overlay-color":"","overlay-opacity":"","overlay-gradient":""},"mobile":{"background-color":"","background-image":"","background-repeat":"repeat","background-position":"center center","background-size":"auto","background-attachment":"scroll","background-type":"","background-media":"","overlay-type":"","overlay-color":"","overlay-opacity":"","overlay-gradient":""}},"ast-content-background-meta":{"desktop":{"background-color":"var(--ast-global-color-4)","background-image":"","background-repeat":"repeat","background-position":"center center","background-size":"auto","background-attachment":"scroll","background-type":"","background-media":"","overlay-type":"","overlay-color":"","overlay-opacity":"","overlay-gradient":""},"tablet":{"background-color":"var(--ast-global-color-4)","background-image":"","background-repeat":"repeat","background-position":"center center","background-size":"auto","background-attachment":"scroll","background-type":"","background-media":"","overlay-type":"","overlay-color":"","overlay-opacity":"","overlay-gradient":""},"mobile":{"background-color":"var(--ast-global-color-4)","background-image":"","background-repeat":"repeat","background-position":"center center","background-size":"auto","background-attachment":"scroll","background-type":"","background-media":"","overlay-type":"","overlay-color":"","overlay-opacity":"","overlay-gradient":""}},"jetpack_post_was_ever_published":false,"footnotes":""},"class_list":["post-1285","page","type-page","status-publish","hentry"],"jetpack_sharing_enabled":true,"jetpack_shortlink":"https:\/\/wp.me\/P5BZbO-kJ","_links":{"self":[{"href":"https:\/\/orgs.law.harvard.edu\/brazil\/wp-json\/wp\/v2\/pages\/1285","targetHints":{"allow":["GET"]}}],"collection":[{"href":"https:\/\/orgs.law.harvard.edu\/brazil\/wp-json\/wp\/v2\/pages"}],"about":[{"href":"https:\/\/orgs.law.harvard.edu\/brazil\/wp-json\/wp\/v2\/types\/page"}],"author":[{"embeddable":true,"href":"https:\/\/orgs.law.harvard.edu\/brazil\/wp-json\/wp\/v2\/users\/2342"}],"replies":[{"embeddable":true,"href":"https:\/\/orgs.law.harvard.edu\/brazil\/wp-json\/wp\/v2\/comments?post=1285"}],"version-history":[{"count":0,"href":"https:\/\/orgs.law.harvard.edu\/brazil\/wp-json\/wp\/v2\/pages\/1285\/revisions"}],"wp:attachment":[{"href":"https:\/\/orgs.law.harvard.edu\/brazil\/wp-json\/wp\/v2\/media?parent=1285"}],"curies":[{"name":"wp","href":"https:\/\/api.w.org\/{rel}","templated":true}]}}